w**3 - 608*w**2 - 12836*w + 1241. What is v(-22)?
9
Let s(j) = -159*j + 4639. Give s(22).
1141
Let q(b) = 1100*b - 52429. Give q(48).
371
Let t(x) = -6*x**3 - 419*x**2 + 8*x - 4501. Determine t(-70).
-161
Let s(c) = 384*c + 32783. Determine s(-85).
143
Let q(s) = -20720*s - 41494. Determine q(-2).
-54
Let s(o) = -o**3 + 1794*o**2 + 67747*o + 54. Give s(-37).
54
Let i(u) = -4278*u + 307963. Give i(72).
-53
Let z(b) = -3*b**3 - 68*b**2 - 74*b - 720. Calculate z(-22).
-60
Let o(f) = -71*f**2 - 1038*f - 3787. Give o(-7).
0
Let i(s) = -694*s - 53386. Give i(-77).
52
Let o(t) = 4*t**3 - 114*t**2 + 449*t - 19. Give o(4).
209
Let n(b) = b**3 + 18*b**2 + 108*b + 181. Determine n(-6).
-35
Let l(u) = u**2 - 1057*u - 1178737. Calculate l(-679).
7
Let b(y) = -1163*y - 19923. What is b(-17)?
-152
Let f(a) = 154*a**2 + 8023*a - 419. What is f(-52)?
-1199
Let d(v) = -9*v**3 - 51*v**2 + 5314*v + 26720. What is d(-5)?
0
Let h(z) = -z**3 - 25*z**2 - 6*z + 20. Give h(-1).
2
Let i(v) = -339*v - 29652. Determine i(-87).
-159
Let j(l) = l**3 + 31*l**2 + 80*l + 2493. Determine j(-31).
13
Let k(u) = -u**3 - 128*u**2 + 524*u - 846. Give k(-132).
-318
Let o(n) = -206741*n + 826894. What is o(4)?
-70
Let v(m) = 4*m**3 + 580*m**2 + 582*m + 1023. Determine v(-144).
159
Let h(c) = c**3 - 548*c**2 - 4325*c - 68387. Calculate h(556).
1
Let b(l) = 1203*l**2 - 24190*l + 2608. Give b(20).
8
Let i(o) = 33*o**3 - 1320*o**2 + 1275*o - 25. Determine i(39).
-493
Let c(n) = n**3 + 9*n**2 - 43*n + 576. Give c(-15).
-129
Let t(q) = 16*q**3 - 15*q**2 + 115*q - 84. Determine t(6).
3522
Let p(z) = 2013*z - 20128. Give p(10).
2
Let s(i) = -19*i**2 + 21439*i - 490618. Give s(1105).
2
Let h(f) = f**3 + 247*f**2 + 14472*f - 2313. Give h(-96).
-9
Let q(c) = -c**3 - 30*c**2 - 318*c - 9978. Give q(-30).
-438
Let t(z) = 17*z**3 + 1477*z**2 + 1293*z + 264. Give t(-86).
6
Let n(l) = l**3 + 13*l**2 + 171*l + 1170. Determine n(-9).
-45
Let f(x) = x**3 + 9*x**2 - 838*x + 1105. What is f(24)?
1
Let o(f) = -295*f - 9386. What is o(-37)?
1529
Let m(g) = 100*g**2 - 30667*g - 40983. Determine m(308).
-19
Let o(s) = -914*s**2 - 1869*s + 5588. Determine o(3).
-8245
Let f(n) = 2*n**3 - 26*n**2 - 1697*n + 15567. What is f(9)?
-354
Let a(b) = -20*b**2 + 35279*b - 70558. Determine a(2).
-80
Let k(d) = -12*d**3 + 144*d**2 - 46*d + 362. Calculate k(12).
-190
Let b(w) = 79478*w - 4053415. Determine b(51).
-37
Let v(k) = -2088*k + 9453. Give v(5).
-987
Let i(s) = s**3 + 584*s**2 - 10841*s + 111. What is i(18)?
21
Let z(g) = g**3 + 105*g**2 - 15339*g + 391. Calculate z(82).
-19
Let x(i) = 5*i**2 + 7239*i + 21659. Determine x(-3).
-13
Let l(p) = p**3 + 8*p**2 - 4382*p + 39398. What is l(9)?
1337
Let s(m) = -6*m**3 + 487*m**2 + 1952*m + 262. Give s(85).
7
Let k(t) = t**3 + 15*t**2 - 497*t - 7869. What is k(-18)?
105
Let n(o) = 448*o**2 - 7519*o - 1635. Determine n(17).
14
Let a(t) = t**3 - 67*t**2 + 170*t + 5161. What is a(63)?
-5
Let p(v) = 7*v**2 - 1205*v + 77. Determine p(172).
-95
Let v(j) = 6*j**2 - 4754*j - 1326436. Give v(1011).
-4
Let y(k) = -4*k**2 - 5337*k - 37690. Determine y(-7).
-527
Let r(q) = -q**2 + 97*q + 48367. Determine r(-176).
319
Let b(a) = -2714*a - 1479139. What is b(-545)?
-9
Let w(t) = 24*t**2 - 96*t - 573. Calculate w(-6).
867
Let o(f) = -f**2 - 38*f + 7344. Calculate o(-107).
-39
Let n(v) = -2*v**2 + 226*v + 5919. What is n(137)?
-657
Let s(r) = 5*r**2 + 154*r - 69. Calculate s(-20).
-1149
Let l(s) = -9885*s + 49418. Give l(5).
-7
Let v(l) = 397*l - 4962. Give v(12).
-198
Let w(r) = 274*r - 45693. What is w(167)?
65
Let v(u) = -14*u**3 - 14*u**2 + 211*u + 1487. Determine v(-6).
2741
Let j(a) = -33*a**2 - 1576*a + 30. Determine j(-48).
-354
Let u(n) = 11*n**3 + 2371*n**2 + 1286*n - 936. Give u(-215).
-76
Let h(b) = -2*b**3 - 247*b**2 - 136*b - 2511. Calculate h(-123).
-912
Let p(q) = -3*q**3 + 6*q**2 - 5216*q + 20872. Give p(4).
-88
Let i(n) = 69*n**2 + 665*n - 606. Give i(-10).
-356
Let x(z) = -2749*z - 335378. Determine x(-122).
0
Let h(a) = a**2 - 946*a + 112368. Calculate h(139).
195
Let a(y) = 1717*y + 70281. Give a(-41).
-116
Let d(v) = v**3 + 16*v**2 - 367*v - 6015. Determine d(-17).
-65
Let j(d) = -9675*d + 696572. What is j(72)?
-28
Let a(f) = 3*f**3 - 17*f**2 + 277*f + 612. Give a(-2).
-34
Let h(i) = -2*i**3 + 31*i**2 + 224*i - 3242. Determine h(16).
86
Let g(z) = 2407*z + 411590. Calculate g(-171).
-7
Let z(d) = -1073*d**2 - 107307*d - 625. Give z(-100).
75
Let k(x) = -10073*x + 755227. Calculate k(75).
-248
Let u(s) = -69*s - 1122. Give u(13).
-2019
Let t(r) = -r**3 + 20*r**2 - 5*r - 319. Determine t(22).
-1397
Let t(o) = -91*o**2 + 944*o - 171. Determine t(10).
169
Let a(v) = -v**3 + 63*v**2 - 451*v + 46. What is a(8)?
-42
Let g(v) = -12*v**3 - 435*v**2 + 61*v + 4067. Determine g(-36).
-2017
Let j(o) = 16290*o + 113975. What is j(-7)?
-55
Let f(j) = 46*j**2 + 102*j + 21. Calculate f(1).
169
Let t(c) = -361*c + 32998. Determine t(92).
-214
Let y(z) = -1360*z - 571574. Calculate y(-420).
-374
Let r(l) = -2205*l - 127584. What is r(-58)?
306
Let t(b) = 52*b**2 + 84*b - 38. Determine t(-2).
2
Let i(o) = 9*o**2 - 53*o - 179. Determine i(10).
191
Let i(p) = -70*p**2 + 17288*p + 489. Calculate i(247).
-5
Let g(f) = 239*f + 386. Determine g(-8).
-1526
Let a(x) = -2*x**3 - 146*x**2 - 17*x - 192. What is a(-73)?
1049
Let n(h) = -5449*h - 1231477. Calculate n(-226).
-3
Let c(g) = -11249*g - 135038. Calculate c(-12).
-50
Let v(g) = 2*g**2 - 297*g + 6068. Calculate v(24).
92
Let t(y) = 6151*y - 24111. What is t(4)?
493
Let q(u) = 2062*u + 30483. Calculate q(-14).
1615
Let l(j) = -483*j + 25432. Determine l(52).
316
Let f(k) = -6822*k - 84. Determine f(0).
-84
Let o(l) = -3*l**2 + 211*l + 1700. Calculate o(-9).
-442
Let x(y) = y**2 + 480*y - 106412. Give x(165).
13
Let g(q) = -4423*q - 4708. Determine g(-1).
-285
Let v(u) = u**3 - 31*u**2 - 155*u + 55. Calculate v(34).
-1747
Let w(h) = 3*h**3 - 54*h**2 - 554*h + 21. What is w(-8)?
-539
Let q(o) = -950*o + 74100. Give q(79).
-950
Let l(n) = -2376*n + 961. What is l(-1)?
3337
Let l(k) = k**3 + 24*k**2 + 78*k + 1421. Determine l(-22).
673
Let s(h) = h**3 - 860*h**2 - 6883*h + 7. Calculate s(-8).
-481
Let g(v) = -22*v**2 - 11336*v - 67226. What is g(-6)?
-2
Let y(i) = 32528*i - 97361. Determine y(3).
223
Let y(q) = -q**3 + 6*q**2 + 37*q - 382. Calculate y(-7).
-4
Let w(c) = 58*c**2 - 19*c - 4. Calculate w(-3).
575
Let m(u) = -264715*u - 26. What is m(0)?
-26
Let c(d) = -d**3 - 3*d**2 + 8599*d + 42939. Determine c(-5).
-6
Let b(c) = c**3 - 7*c**2 + 975*c - 6830. What is b(7)?
-5
Let z(t) = -t**3 + 38*t**2 + 844*t - 33154. What is z(32)?
-2
Let s(g) = 9*g**3 + 972*g**2 - 1003*g - 2436. Give s(-109).
-38
Let s(d) = 333*d + 40. Determine s(5).
1705
Let f(y) = -14586*y - 58321. What is f(-4)?
23
Let j(b) = 1915*b - 36300. What is j(19)?
85
Let v(z) = -768*z - 3743. Determine v(-5).
97
Let g(x) = -9*x**3 + 71*x**2 + 3*x + 27. What is g(8)?
-13
Let b(j) = 25886*j - 3106301. What is b(120)?
19
Let c(l) = 558*l**3 + 3359*l**2 + 59*l - 17. What is c(-6)?
25
Let d(n) = n**2 + 342*n + 12363. Calculate d(-41).
22
Let d(n) = -1376*n - 2119. Determine d(-2).
633
Let g(j) = j**2 + 11*j - 3994. What is g(-74)?
668
Let g(l) = 186*l + 7481. Calculate g(-40).
41
Let a(q) = -30686*q + 2638991. Calculate a(86).
-5
Let w(k) = k**3 + 19*k**2 + 21*k + 162. What is w(-14)?
848
Let f(o) = -16*o**2 + 11*o + 57. Calculate f(-7).
-804
Let q(t) = 18711*t + 1328512. Calculate q(-71).
31
Let m(y) = -2905*y - 263993. Determine m(-91).
362
Let f(p) = -4061*p + 77177. What is f(19)?
18
Let k(n) = 30*n**2 - 12574*n + 1709. Calculate k(419).
33
Let l(x) = 2*x**3 - 131*x**2 + 1127*x - 269. What is l(10)?
-99
Let u(z) = 1262245*z + 18933687. Give u(-15).
12
Let k(x) = x**2 + 157*x + 4623. Give k(-45).
-417
Let o(q) = -2*q**2 - 561*q - 39295. Determine o(-138).
35
Let d(r) = -4*r**3 + 8*r**2 - 13*r + 15. Determine d(6).
-639
Let g(a) = 60*a**2 + 1797*a + 5. Calculate g(-30).
95
Let a(l) = 3*l**2 + 92*l - 405. Calculate a(-33).
-174
Let a(f) = -6*f**3 + 300*f**2 - 294. Determine a(50).
-294
Let u(l) = -278*l + 17967. Determine u(67).
-659
Let x(v) = -v**2 - 62*v + 6679. What is x(73)?
-3176
Let v(k) = -8381*k - 183485. Determine v(-22).
897
Let l(i) = 22224*i - 288711. Determine l(13)